What is -10100000010111 (base 2) in base 6?
-115303
934 (base 10) to base 3
1021121
Convert 43 (base 10) to base 3.
1121
What is 4678 (base 11) in base 4?
1133313
Convert 23001 (base 5) to base 12.
b36
Convert -43132 (base 6) to base 15.
-1b28
What is 211221 (base 3) in base 9?
757
4316 (base 9) to base 11
2426
What is -2116 (base 11) in base 14?
-1040
What is -72226 (base 8) in base 11?
-20473
-70ba (base 13) to base 10
-15532
What is -7041 (base 10) in base 7?
-26346
Convert 408 (base 13) to base 10.
684
What is 13332 (base 12) in base 16?
6716
-33 (base 4) to base 3
-120
What is 4f0 (base 16) in base 10?
1264
866b (base 12) to base 3
202021002
-6590 (base 10) to base 7
-25133
Convert 142 (base 9) to base 4.
1313
Convert -157 (base 13) to base 2.
-11110001
21a6 (base 13) to base 4
1021123
Convert c83 (base 13) to base 8.
4127
11001001111100 (base 2) to base 10
12924
What is 24236 (base 8) in base 4?
2202132
Convert 36a3 (base 14) to base 2.
10010101001111
-1261 (base 11) to base 10
-1640
-2020012 (base 3) to base 9
-2205
What is 230232 (base 4) in base 8?
5456
What is -2331 (base 7) in base 9?
-1150
What is -11300111 (base 4) in base 2?
-101110000010101
Convert -5536 (base 8) to base 11.
-2206
What is 42253 (base 6) in base 10?
5721
What is 965 (base 13) in base 7?
4451
-14cd (base 16) to base 6
-40353
-4ae3 (base 16) to base 3
-222022001
What is -110000011000011 (base 2) in base 14?
-9055
What is 13111 (base 4) in base 15?
214
What is 354 (base 11) in base 6?
1542
307 (base 8) to base 5
1244
What is -413411 (base 5) in base 4?
-3110212
What is -16046 (base 15) in base 13?
-263a0
-24414 (base 12) to base 10
-48976
What is -5022 (base 6) in base 2?
-10001000110
What is 1100001110 (base 2) in base 15?
372
Convert -817 (base 15) to base 10.
-1822
What is -1001001110110 (base 2) in base 6?
-33514
What is 102002000 (base 3) in base 11?
607a
What is 1222 (base 7) in base 9?
557
-4278 (base 11) to base 5
-140101
Convert 1013 (base 7) to base 8.
541
-346234 (base 7) to base 2
-1111001011111110
What is 111011010 (base 2) in base 3?
122120
What is -159b (base 15) in base 11?
-3544
7061 (base 13) to base 16
3c62
23212110 (base 4) to base 13
18816
Convert -242 (base 14) to base 3.
-121200
-3630 (base 16) to base 15
-419c
What is -100441 (base 5) in base 2?
-110010101110
What is -210031 (base 4) in base 8?
-4415
-db (base 15) to base 2
-11001110
d79 (base 16) to base 14
1385
110012 (base 3) to base 15
16e
-8110 (base 9) to base 13
-2907
What is 231000 (base 6) in base 9?
28860
Convert -1300 (base 4) to base 2.
-1110000
Convert 4514 (base 8) to base 13.
1111
What is -1100323 (base 4) in base 14?
-1c5d
What is 135207 (base 9) in base 13?
2b759
What is -1331022 (base 4) in base 13?
-3852
11533 (base 7) to base 4
233011
-2366 (base 8) to base 15
-59a
Convert 1420114 (base 5) to base 9.
44306
-62118 (base 9) to base 6
-513242
What is -343 (base 10) in base 13?
-205
-14550 (base 6) to base 9
-3223
Convert 5175 (base 8) to base 7.
10554
What is 211 (base 4) in base 3?
1101
43 (base 9) to base 13
30
What is 7503 (base 16) in base 5?
1424310
What is 3380 (base 10) in base 6?
23352
What is -2946 (base 11) in base 8?
-7331
What is -758 (base 9) in base 15?
-2b5
Convert -4c5 (base 13) to base 10.
-837
What is -134 (base 5) in base 8?
-54
139a (base 14) to base 8
6614
100212200 (base 3) to base 8
16040
Convert 112503 (base 8) to base 12.
1a143
Convert 716 (base 10) to base 4.
23030
212021 (base 3) to base 4
21310
Convert be8 (base 15) to base 3.
10200202
Convert -5f9 (base 16) to base 3.
-2002122
512 (base 10) to base 5
4022
What is 13113 (base 6) in base 5?
30424
1101111101110110 (base 2) to base 8
157566
Convert 10130120 (base 4) to base 6.
220132
1030424 (base 6) to base 14
1469a
Convert -1a7a (base 11) to base 5.
-41003
Convert 12360 (base 7) to base 3.
11111100
What is -113 (base 4) in base 13?
-1a
-17570 (base 11) to base 2
-110000001000000
182 (base 14) to base 7
622
Convert -aa6 (base 11) to base 4.
-110232
4b04 (base 12) to base 8
20464
Convert 4631 (base 9) to base 5.
102210
10100010001011 (base 2) to base 7
42155
What is -2416 (base 11) in base 8?
-6133
What is 220102100 (base 3) in base 4?
10112022
Convert 2302 (base 4) to base 9.
217
Convert 617 (base 8) to base 3.
112210
-914 (base 13) to base 11
-1179
Convert 20d (base 16) to base 12.
379
Convert -7c5 (base 15) to base 11.
-1360
What is 23034 (base 5) in base 12?
b50
988 (base 14) to base 10
1884
What is 22c3 (base 14) in base 3?
22022010
Convert 543423 (base 6) to base 2.
1010111101000111
-23120 (base 4) to base 9
-888
-160 (base 14) to base 5
-2110
Convert -3220 (base 4) to base 3.
-22121
Convert 4879 (base 10) to base 9.
6621
Convert -27812 (base 9) to base 16.
-49c4
What is 891 (base 15) in base 2?
11110010000
-10100000001111 (base 2) to base 15
-308a
Convert 1233 (base 9) to base 6.
4133
-31121 (base 5) to base 14
-a56
3c0 (base 13) to base 10
663
-30333 (base 5) to base 7
-5511
-3686 (base 16) to base 9
-21128
1011101000 (base 2) to base 6
3240
What is 1357 (base 15) in base 11?
3117
Convert -200133 (base 5) to base 16.
-1895
-1343 (base 5) to base 10
-223
-746 (base 12) to base 9
-1410
-bd5 (base 14) to base 10
-2343
What is 440 (base 16) in base 13?
659
Convert 29ae (base 15) to base 8.
21353
Convert 14321 (base 9) to base 6.
113031
Convert 957 (base 12) to base 8.
2523
What is 19b (base 14) in base 11?
283
2542 (base 6) to base 14
338
Convert 268 (base 13) to base 4.
12220
Convert -797 (base 16) to base 11.
-1507
What is -1205 (base 6) in base 4?
-10211
100001101101001 (base 2) to base 15
51a7
What is 4ae (base 15) in base 2?
10000101000
153567 (base 8) to base 2
1101011101110111
31021 (base 4) to base 3
1011011
-20419 (base 10) to base 6
-234311
What is 45b (base 15) in base 12?
6a2
-5ac (base 13) to base 5
-12422
111001000001100 (base 2) to base 10
29196
Convert 277 (base 10) to base 5.
2102
What is 22021 (base 3) in base 9?
267
What is -1011001111101010 (base 2) in base 4?
-23033222
Convert 1014022 (base 5) to base 11.
11659
Convert -ac9 (base 13) to base 14.
-967
Convert -2a1 (base 13) to base 4.
-13111
-13213 (base 6) to base 7
-5622
-155a0 (base 13) to base 2
-1001111001001001
Convert -1011000100 (base 2) to base 11.
-594
3133 (base 4) to base 2
11011111
What is -7384 (base 10) in base 11?
-5603
Convert -4274 (base 10) to base 12.
-2582
What is -7345 (base 8) in base 14?
-1565
Convert 57 (base 13) to base 12.
60
10111110 (base 2) to base 8
276
What is -4b0 (base 13) in base 14?
-427
Convert 32233 (base 4) to base 14.
4b5
Convert -6030 (base 7) to base 9.
-2760
What is 56b (base 12) in base 15?
388
Convert -33233 (base 4) to base 6.
-4355
What is -2024 (base 16) in base 11?
-6200
Convert b90 (base 14) to base 12.
13a2
26334 (base 7) to base 16
1b78
Convert -243a2 (base 11) to base 9.
-53108
Convert 1421 (base 6) to base 14.
1c9
What is 26870 (base 10) in base 13?
c2cc
Convert -87 (base 13) to base 15.
-76
What is 1bd3 (base 14) in base 4?
1033131
Convert -17bd2 (base 14) to base 15.
-12b79
Convert -53 (base 6) to base 11.
-30
-1101000 (base 4) to base 7
-21054
861 (base 14) to base 11
1273
What is -10284 (base 9) in base 8?
-15217
What is -1000110001101 (base 2) in base 7?
-16046
31603 (base 11) to base 3
2100002002
11233 (base 6) to base 3
2012110
What is 1000011111100 (base 2) in base 9?
5861
Convert 14503 (base 6) to base 2.
100100100111
What is -200b (base 16) in base 12?
-48b7
What is 1020121 (base 3) in base 6?
4111
19a (base 13) to base 7
602
Convert -d5 (base 14) to base 12.
-137
-2292 (base 13) to base 8
-11363
Convert ba59 (base 15) to base 6.
502403
Convert -798 (base 11) to base 9.
-1270
Convert e596 (base 16) to base 15.
12634
What is -110101100 (base 2) in base 3?
-120212
-369 (base 14) to base 2
-1010101001
-1860 (base 13) to base 9
-4870
What is db86 (base 14) in base 4?
21100322
What is 19a (base 13) in base 2?
100101000
-4d (base 15) to base 16
-49
Convert 221001000 (base 3) to base 2.
100011101001100
What is 9349 (base 13) in base 3?
1000220101
What is -14400 (base 6) in base 10?
-2304
Convert -1305 (base 6) to base 10.
-329
What is -38320 (base 10) in base 9?
-57507
Convert -413 (base 5) to base 7.
-213
22241 (base 5) to base 15
6eb
Convert 1470a (base 14) to base